factor of b and t?
24
Let z = 410 + -286. Let f = z + -109. Calculate the greatest common factor of 10 and f.
5
Let i = 8 - -42. Suppose i - 10 = 4*c. What is the highest common divisor of 110 and c?
10
Let f be 51 - (2/(-1) + -2). Calculate the greatest common divisor of f and 605.
55
Let p(s) = -s**2 - 14*s + 9. Let x be p(-14). What is the greatest common factor of x and 3?
3
Let v(b) = 2*b**3 - 3*b**2 + 45*b + 8. Let i be v(6). Calculate the greatest common divisor of 86 and i.
86
Suppose 5*o = -4*g + 67, -16*g = -11*g - 3*o - 56. What is the greatest common divisor of g and 91?
13
Let l(i) = 49*i - 323. Let k be l(32). Calculate the highest common factor of 30 and k.
15
Suppose -p - 2851 = -2902. What is the highest common factor of p and 612?
51
Suppose -315 = -23*n - 108. Suppose p + 0*p - 63 = 0. What is the highest common divisor of p and n?
9
Suppose -5*m = -v + 25, -54 = -2*v - 2*m + 8. Let i = 69 - 64. Suppose 9*c = i*c + 24. What is the greatest common factor of c and v?
6
Let i be (((-16289)/14)/13)/(2/(-52)). What is the highest common factor of i and 13?
13
Suppose -8 = 9*m - 13*m. Suppose 8 = m*f, -i - 2*i + 71 = 2*f. Calculate the highest common factor of 3 and i.
3
Let s(f) = 15*f**2 + 3*f + 2. Let h be s(-3). Let c = -73 + h. Suppose -8*t + c = -3*t. Calculate the highest common divisor of 11 and t.
11
Suppose 3*b = b. Suppose b = -r + 4*p + 10, 2*r - 9 = 3*p + 1. Suppose r*u - 21 = 11. What is the greatest common divisor of 16 and u?
16
Let l be (-447)/(-4) - (-2)/8. Suppose 504 = d + 2*d. Suppose -d = -10*p + 4*p. Calculate the highest common divisor of l and p.
28
Let r be (-41 - (-40)/(-8))*-2. What is the highest common factor of 115 and r?
23
Let j(o) = 2*o**2 + 17*o + 6. Let n be j(-9). Let w = 103 - n. Calculate the greatest common divisor of 8 and w.
8
Let v(a) = 4*a**2 - 137*a - 174. Let p be v(47). Calculate the highest common factor of 234 and p.
117
Let w(m) = m**2 + 2*m - 4. Let c be w(6). Calculate the highest common factor of c and 286.
22
Let h be ((-355)/10 - 0)/(2/(-4)). Calculate the greatest common factor of 639 and h.
71
Let n = 8 - 7. Let v = n - -18. Calculate the greatest common factor of 171 and v.
19
Let v = 41 - -2351. Calculate the greatest common divisor of 104 and v.
104
Let f be (6/30)/1 - (-38)/10. Suppose -2*p + g = -63, -9*p - f*g + 96 = -5*p. Calculate the highest common factor of p and 203.
29
Let b be (-1)/(12/(-9) - 1*-1). Suppose -b*g = -7*g + 3*t + 600, 2*g - t = 300. What is the greatest common divisor of g and 15?
15
Let g(d) = -8*d**3 + 5*d**2 + 14*d - 1. Let n be g(-6). Suppose n = 6*c + 305. Calculate the highest common factor of c and 23.
23
Let h be (414/(-27))/((-2)/3). Suppose -5*z + h = 3. What is the highest common factor of z and 4?
4
Suppose 2*m + 41 = y - 0*y, -5*m + 151 = 4*y. Let w be (-3003)/66*24/(-14). Calculate the highest common divisor of y and w.
39
Let m be 2 - 0 - (-16 + 3). Suppose -2*w + 91 = m. Let n(d) = 6*d - 5. Let p be n(4). Calculate the highest common factor of p and w.
19
Let s be 9*(2 + 3/(-3)*1). Suppose 5*t - 320 = t. Let j = 152 - t. Calculate the highest common divisor of s and j.
9
Suppose -811*f - 351 = -824*f. Calculate the highest common divisor of 378 and f.
27
Let s = 11 - 9. Suppose 4*h + b = 5*h - s, h + 3*b - 10 = 0. Let i be (-1)/((-2)/(1152/h)). What is the highest common divisor of 16 and i?
16
Let x be (14 + -17)*(-286)/6. Let o = 145 - x. What is the highest common factor of 6 and o?
2
Let j = -903 + 1223. Calculate the highest common divisor of 192 and j.
64
Let y = -89 - -324. What is the greatest common divisor of y and 5?
5
Let p(k) be the first derivative of k**4/4 - 8*k**3/3 - 7*k**2/2 - 6*k - 4. Let j be p(9). Let w = 3 + j. Calculate the highest common divisor of 15 and w.
15
Let c = 1307 - 1279. What is the greatest common factor of 994 and c?
14
Let x = -324 - -349. What is the highest common factor of 800 and x?
25
Let r(d) = 17*d**3 + d - 1. Let u be r(1). Let y = -10 + u. Suppose -25 = -4*i + 6*z - 3*z, 3 = 3*z. What is the greatest common factor of y and i?
7
Suppose -5*n - 2*p - 5 - 1 = 0, -12 = 4*p. Suppose 0*i = -c - 5*i + 18, 5*i - 10 = n. Suppose 8*u = 10*u - c. Calculate the greatest common divisor of 28 and u.
4
Let t = 176 - 156. What is the greatest common divisor of t and 12?
4
Suppose 112*f + 2750 = 117*f. What is the highest common divisor of f and 25?
25
Suppose 0 = -3*a - 3*j + 6*j + 30, 3*j + 24 = 2*a. Calculate the greatest common divisor of a and 2.
2
Let y be 20/(3 - (-543)/(-183)). Suppose -4*w - 4*m - 150 = -y, 4*w = -2*m + 466. Suppose 368 = 2*r + w. What is the highest common factor of r and 50?
25
Suppose -29*g - 572 = -42*g. Calculate the greatest common factor of g and 55.
11
Suppose -2*d = -3*d + 9. Suppose -a = -4*a + 18. Suppose -10 = 4*b + a, 0 = 2*l - 2*b - 98. What is the highest common divisor of l and d?
9
Suppose 2*d = 2*j + 6, 4*j + 15 = 4*d - j. Suppose 0 = -d*n - 2*n. Suppose -5 = 4*z - 3*h, n = -5*z + h - 0 + 2. What is the greatest common factor of 7 and z?
1
Let t be 522/(0*(-6)/24 + 2). Suppose 5*l + 704 = 3*i, -3*l = -3*i + 207 + 213. Let z = t + l. Calculate the greatest common divisor of z and 17.
17
Suppose 0*y + y - 5*t - 34 = 0, -2*y - 4*t + 12 = 0. Suppose 106 = -2*q + 302. Calculate the greatest common factor of q and y.
14
Let b(j) = -j**3 + 15*j**2 + 2*j + 10. Let w be b(15). Suppose 0*c + 26 = 4*c + 2*h, -3*c = -5*h. Calculate the greatest common divisor of c and w.
5
Let x be (-2)/(12/39*(-1)/2). Suppose u = 33 - x. Calculate the greatest common divisor of u and 4.
4
Suppose 11*x - 37 = 95. Calculate the greatest common divisor of x and 4.
4
Let l be (-2 - 0) + (933 + 7)/5. Calculate the highest common divisor of l and 124.
62
Let x be 28/3*(4 - 7/7). Calculate the highest common divisor of x and 448.
28
Let k(c) = 4*c**2 - 4*c - 1. Let n be 1 + -2 + (-4)/(-20)*0. Let g be k(n). Calculate the greatest common divisor of g and 112.
7
Let f(o) = -110*o - 218. Let d be f(-4). What is the greatest common factor of d and 12?
6
Suppose w - 3*s = -20, 4*w + 10 = s - 3*s. Let o be w/(60/(-6)) - 251/(-2). What is the highest common divisor of o and 14?
14
Suppose 3*r - 103 - 53 = -4*x, 5*x = -15. Let j = -15 + 15. Suppose 2*c - c - 7 = j. What is the highest common divisor of r and c?
7
Suppose 1694 = 2*l + q + 99, -805 = -l - 2*q. What is the greatest common factor of l and 30?
15
Suppose a = 2*n, 3*a + 7*n - 3*n = -20. Let d(s) = s**2 + 5*s + 6. Let z be d(a). Suppose z + 0 = v. Calculate the greatest common divisor of 6 and v.
2
Suppose -7*b + 31 = -11. Let y(n) = n**3 - 3*n**2 + n + 1. Let a be y(b). Let q = -18 + 64. Calculate the greatest common divisor of q and a.
23
Suppose 4*l + 2 = 14, 4*l + 4 = 2*u. Let f(i) = i - 12. Let t be f(u). Let a be (-2)/t - 381/(-6). What is the highest common divisor of a and 96?
32
Suppose -13*y + 16*y = 480. Suppose -7*o + 895 - y = 0. What is the greatest common divisor of o and 15?
15
Let s = -124 - -130. Let d(w) = w**2 - 4*w - 2. Let f be d(s). What is the greatest common divisor of 20 and f?
10
Let p(q) = 9*q - 1 - q**2 + 4 + q - 4*q. Let x(o) = o**2 + 4*o - 2. Let a be x(-5). Let d be p(a). Calculate the greatest common divisor of d and 108.
12
Let r(i) = -114*i + 712. Let m be r(6). Suppose 4*o = l + 58, 0*l = 4*l + 8. Calculate the greatest common factor of m and o.
14
Suppose 2*s = -3*c + 7*s + 84, -3*c - 3*s = -60. Suppose 5*i + v - 17 = 0, i = 6*i + 4*v - c. What is the highest common divisor of 27 and i?
3
Suppose 13*q + 11 = 141. Calculate the highest common divisor of 12 and q.
2
Let p be (-3)/(-12)*268 - 7. Suppose -2*o = -2 - 2. Suppose o*b = -2*b + 160. What is the highest common factor of p and b?
20
Suppose 7*s - 4*s = 3*i + 21, -4*s = 2*i - 58. What is the highest common factor of s and 876?
12
Let p be (2/4)/((-3)/(-54)). Suppose p*i = 13*i - 240. What is the greatest common divisor of 20 and i?
20
Let b = -11 + 14. Let y(n) = -2*n - 18*n**2 - 22*n**2 + 42*n**2 - n. Let k be y(b). What is the greatest common factor of k and 99?
9
Let t(a) = a + 10. Let j be t(-8). Suppose -j*c = q - 19, -2*c = 5*q - 36 - 27. Suppose 0 = -2025*l + 2033*l - 88. What is the highest common factor of q and l?
11
Let j = 150 - 123.